at is -50 - -665341?
665261
In base 10, what is -5473 + -8?
-5481
In base 2, what is 1 + 1110000000010111?
1110000000011000
In base 16, what is -352 - -7f3?
4a1
In base 10, what is -40 + 270?
230
In base 2, what is 11000011 + -1101101?
1010110
In base 16, what is 1 + 34a1f?
34a20
In base 7, what is 320462 - 0?
320462
In base 12, what is -56a + -482?
-a30
In base 10, what is -7821 - 34?
-7855
In base 4, what is -1 - -11002332?
11002331
In base 4, what is -10 - -131221?
131211
In base 6, what is 3023110 - -5?
3023115
In base 10, what is 443 - 75?
368
In base 11, what is a031 - 3?
a029
In base 2, what is 11010 - -11100010100111010?
11100010101010100
In base 8, what is -2 + 160324?
160322
In base 13, what is 797 - 201?
596
In base 16, what is 14b7 - 1c?
149b
In base 16, what is 37078 - -2?
3707a
In base 14, what is -2 + -721b7?
-721b9
In base 16, what is 21 + b86e?
b88f
In base 5, what is -44 + 10110?
10011
In base 8, what is -5 - -6261062?
6261055
In base 6, what is -243 + 15305?
15022
In base 14, what is 5 - 35d?
-358
In base 9, what is -15 + -3417?
-3433
In base 9, what is -3 + 152666?
152663
In base 7, what is 1000 - 325?
342
In base 7, what is -25 + 6312?
6254
In base 5, what is 423241 + 3?
423244
In base 9, what is 32 + -536?
-504
In base 12, what is 2 + 1a7a0?
1a7a2
In base 15, what is 5 - -a4bde?
a4be4
In base 6, what is -141021 - 2201?
-143222
In base 10, what is -268 + -25?
-293
In base 14, what is -2729 - 97?
-27c2
In base 7, what is 20543 - 4?
20536
In base 12, what is 2 - 5011?
-500b
In base 6, what is -45 + -142213?
-142302
In base 10, what is 20885 + -5?
20880
In base 3, what is 10110020 + -1112?
10101201
In base 7, what is 1 + -3460?
-3456
In base 6, what is 22 - -20202?
20224
In base 2, what is 10 + -100101110101110000?
-100101110101101110
In base 10, what is 1 - -1382?
1383
In base 13, what is -57 + 228?
1a1
In base 6, what is 125510 - -34?
125544
In base 13, what is 7 + 4a15?
4a1c
In base 2, what is 101110110100110011010 + 0?
101110110100110011010
In base 13, what is 17 - -48a1a?
48a34
In base 7, what is -131356 + -2?
-131361
In base 2, what is 1010101110011011 - -1000?
1010101110100011
In base 6, what is -2 + -12011543?
-12011545
In base 11, what is 11 - 18a5?
-1894
In base 4, what is 0 + -122310011?
-122310011
In base 12, what is -39b + 56b?
190
In base 15, what is b1137 + 4?
b113b
In base 12, what is 14 + -1103?
-10ab
In base 3, what is -11 - 221111000?
-221111011
In base 16, what is 4 - 1399?
-1395
In base 7, what is -262 + -3121?
-3413
In base 16, what is -4 - -12692?
1268e
In base 14, what is -28 - 26d2?
-271a
In base 8, what is -365007 - 1?
-365010
In base 3, what is -1221220220 + 10210?
-1221210010
In base 5, what is 2 + 142212?
142214
In base 2, what is 0 - -10101000100110110?
10101000100110110
In base 5, what is 3 + 12300413?
12300421
In base 15, what is -8a + 38?
-52
In base 16, what is -3 + 12a7e?
12a7b
In base 14, what is -2 - -1bab2?
1bab0
In base 12, what is -94b02 - -1?
-94b01
In base 12, what is 15a + 300?
45a
In base 15, what is 14a41 - 6?
14a3a
In base 7, what is 3 + -14640160?
-14640154
In base 16, what is -8e9da + 6?
-8e9d4
In base 14, what is -4 - 2775?
-2779
In base 14, what is -27adb - -18?
-27ac3
In base 3, what is 200111220 - 210?
200111010
In base 5, what is 14 + 314004?
314023
In base 10, what is -204 - 4836?
-5040
In base 5, what is 44 - 111100?
-111001
In base 7, what is -1033 - -15?
-1015
In base 7, what is 135552 + 4?
135556
In base 6, what is 34 + -5054?
-5020
In base 16, what is -1 - -2f172?
2f171
In base 13, what is 11cb + 15?
1213
In base 5, what is -4 + -11110102?
-11110111
In base 12, what is -5 - 31547a?
-315483
In base 6, what is 23 + -4241?
-4214
In base 3, what is -10 - 12100101112?
-12100101122
In base 4, what is -103 + -210023213?
-210023322
In base 2, what is -100000 - -10000111000010?
10000110100010
In base 3, what is -121011101 + -2012?
-121020120
In base 4, what is 21120 + -13213?
1301
In base 4, what is 221100 - -3100?
230200
In base 15, what is -18 + -9da?
-a03
In base 7, what is -51 + 2155?
2104
In base 11, what is a96 + 3?
a99
In base 3, what is 101112 + 210?
102022
In base 8, what is -23 - -63045?
63022
In base 12, what is 5 - 115573?
-11556a
In base 4, what is -1003 - -310333?
303330
In base 3, what is 2202012222 + 101?
2202020100
In base 11, what is 270 + -4066?
-38a6
In base 3, what is 2012 + 110?
2122
In base 12, what is 12 - -5a3b?
5a51
In base 12, what is -9 - 1b7?
-204
In base 6, what is 22142 + 5?
22151
In base 2, what is 100000001 - -111001011?
1011001100
In base 8, what is -177223 + -5?
-177230
In base 15, what is -105719 - -4?
-105715
In base 5, what is 1032 + -433042?
-432010
In base 10, what is -753 - 702?
-1455
In base 14, what is -66 + -95c?
-9c4
In base 14, what is -197b + 4?
-1977
In base 13, what is -15b7 - 24?
-160b
In base 9, what is 14 + -787?
-773
In base 16, what is -4 + -ea22?
-ea26
In base 7, what is -24024 - 1?
-24025
In base 13, what is 58 - 1537?
-14ac
In base 11, what is 1712 - -37?
1749
In base 9, what is 37057 + 1?
37058
In base 7, what is -20435 + -50?
-20515
In base 15, what is 5 - 15bd1?
-15bcb
In base 8, what is -1 - -2563461?
2563460
In base 2, what is 100 - -1010111010110010?
1010111010110110
In base 6, what is 222555 + -152?
222403
In base 15, what is 6c01a5 + -4?
6c01a1
In base 6, what is -235553 + 1?
-235552
In base 10, what is 3994 + -89?
3905
In base 8, what is -361131 - -2?
-361127
In base 11, what is 7249 - -58?
72a6
In base 8, what is 103 + -7160?
-7055
In base 3, what is -1 + 20200210211?
20200210210
In base 8, what is -3 - -116533?
116530
In base 5, what is -10 - -1124332?
1124322
In base 8, what is -2 - 17751?
-17753
In base 4, what is 2110211 + 222?
2111033
In base 10, what is -1 - 64595?
-64596
In base 6, what is -12 - -2522?
2510
In base 3, what is 1220120 + -2220220?
-1000100
In base 11, what is 802 + -18?
795
In base 16, what is -c6 + -1268?
-132e
In base 9, what is 41042 + -1?
41041
In base 9, what is -2600113 + 0?
-2600113
In base 8, what is 54041 - -7?
54050
In base 5, what is 3120 - -24241?
32411
In base 13, what is 7 + -536?
-52c
In base 13, what is 61b25 - -2?
61b27
In base 3, what is 110 - 22200010202?
-22200010022
In base 12, what is 14950ba - 2?
14950b8
In base 15, what is 3 - d959?
-d956
In base 12, what is -97993b + 2?
-979939
In base 15, what is -387886 + -2?
-387888
In base 9, what is 1740 + -4?
1735
In base 2, what is 100 - 11110011101011111111?
-11110011101011111011
In base 14, what is -a + 2049c?
20492
In base 3, what is 12 - 112201?
-112112
In base 12, what is a1a7 + -2?
a1a5
In base 10, what is 75904 + 4?
75908
In base 10, what is -329 + 818?
489
In base 9, what is 127804 + 30?
127834
In base 6, what is -510555 + -4?
-511003
In base 7, what is 224 - -3640?
4164
In base 4, what is 2 + -133122212?
-133122210
In base 11, what is -14 + -19980?
-19994
In base 2, what is -10010110000011 - 1000110?
-10010111001001
In base 4, what is -301320023 + 0?
-301320023
In base 5, what is -133301 + 4221?
-124030
In base 5, what is -24 - 33224244?
-33224323
In base 14, what is 134a09 - -5?
134a10
In base 3, what is 20001112201222 + -2?
20001112201220
In base 16, what is eb + 958?
a43
In base 16, what is 1 - -26d?
26e
In base 3, what is -12010012 + -1211101?
-20221120
In base 9, what is 1 - -274232?
274233
In base 6, what is 3 - 2513241?
-2513234
In base 3, what is -12000020 - -11011?
-11212002
In base 4, what is -32 + 212?
120
In base 16, what is -3 + -1150?
-1153
In base 5, what is 22 + 311311?
311333
In base 8, what is 2560 + 36?
2616
In base 9, what is -2 + 150055?
150053
In base 10, what is -4 - -458786?
458782
In base 12, what is -24 + 107?
a3
In base 11, what is 157484 + 0?
157484
In base 7, what is -30616 + 243?
-30343
In base 12, what is 1 + 22a553?
22a554
In base 2, what is -101001 - 10111101100?
-11000010101
In base 9, what is 82872 - 25?
82846
In base 3, what is 20210112 + 2222?
20220111
In base 15, what is -4892 + -8?
-489a
In base 6, what is 2141000 + 1?
2141001
In base 15, what is -30 - -228?
1e8
In base 9, what is 282125 + 8?
282134
In base 13, what is 4996a6 - 2?
4996a4
In base 13, what is 9c + -26?
76
In base 4, what is 2121111 + -2120?
2112331
In base 5, what is 2443014 + 110?
2443124
In base 12, what i